- (-40)/4)?
8
Let d = 19 - -10. What is the units digit of d?
9
Let d(n) = -n**3 + 11*n**2 - 9*n - 6. What is the units digit of d(10)?
4
Let k(r) be the third derivative of r**4/3 + r**3/6 - 2*r**2. Let g be k(-1). Let w(h) = -h**3 - 7*h**2 + h + 8. What is the units digit of w(g)?
1
Suppose 3*w = 2*o - 2, -o - o = w - 2. Suppose n - 10 = -t + 6*t, w = 3*n + 5*t - 50. What is the tens digit of n?
1
Let w(u) = 3*u - 3. Let o be w(2). Suppose -o*c = 2*m - 14 - 29, c = -m + 20. Let f = m + -7. What is the units digit of f?
0
Let t(w) = w + 5. Let a be t(0). Suppose 2*g + 2*r = 3*g - 23, 4*g - a*r = 86. What is the tens digit of g?
1
Suppose 2*m + 2 = -6. Let y = m + 3. What is the units digit of (-2)/1 - 3*y?
1
Let x = 2 - -4. Let f be (10/x)/((-1)/(-3)). Suppose f*j = 20, 2*c - 2*j = j. What is the units digit of c?
6
Suppose -3*h - 3*u + 27 = -54, -3*h + u + 77 = 0. Suppose -4*v + 36 = 4. Suppose -v = 2*a, 1 - h = -5*j - 5*a. What is the units digit of j?
9
Suppose -p = -4*p + 9. Let w(o) = -2 - p - o**2 - 4*o + 10*o. What is the units digit of w(4)?
3
Suppose 2*a - 45 = a. What is the tens digit of a?
4
What is the units digit of (12/(-24))/((-1)/6)?
3
Let d(z) = -z**3 + 5*z**2 + 8*z - 7. Let a be d(6). Suppose i = f - 3*f + 3, 3*i + a*f = 9. What is the units digit of 6*(-2 + i - 0)?
6
Let p = -167 - -302. What is the tens digit of p?
3
Let d = 6 + -3. Suppose -2*h - 7 = -d*h. Suppose -2*l - 2*b - 32 = -h*l, 2*b = -5*l + 48. What is the units digit of l?
8
Let v(x) = 9 - x**2 + 2*x**2 - 8. Let p(r) = -4*r**2 - 6*r - 13. Let a(c) = -p(c) - 5*v(c). What is the units digit of a(7)?
1
Let t be -3 + 1 - (-98 + -4). Suppose -4*d - d + t = 0. What is the tens digit of d?
2
Suppose 3*r = -r + 40. Suppose a - 21 = r. What is the tens digit of a?
3
Let t(v) = v**2 + 1. Let d be t(-1). Suppose 2*y - d = 2. Suppose 5*a + m - 70 = 0, -2*a - y*m = -3*m - 21. What is the units digit of a?
3
What is the units digit of 6/(-33) - 288/(-11)?
6
Suppose 7*b - 5*b = 14. What is the units digit of b?
7
Let z = -5 + 7. Let d be (-99)/(-54) - z/(-12). What is the units digit of 3 + (-1 - d - -9)?
9
Suppose 0 = -5*k + 2*k + 36. What is the tens digit of k?
1
Let b(l) = l + 8. Let s be b(0). Suppose u + 2 = -i + 9, -2*u - i + 12 = 0. Let h = s - u. What is the units digit of h?
3
Let g be (4 + -2)*10*1/4. Let y = 207 + -126. Suppose y = g*l - z, z + 84 = 5*l - 3*z. What is the units digit of l?
6
Suppose 0 = -3*q + 2 + 7. Suppose -q*j + 3*c + 9 = 0, -3*j - 5*c = -j + 1. Let a = j - -5. What is the units digit of a?
7
Suppose 2*z = 2*o + 4, 20 = -2*z + 6*z. Suppose -2*w + 67 = w + 4*r, -o*w = r - 64. What is the units digit of w?
1
Let g be 2/11 - 134/11. What is the units digit of 32/g*(-6)/8?
2
Suppose -4*b = -308 - 12. Suppose 200 = 5*x - i, 0*i + 2*i = -2*x + b. What is the tens digit of x?
4
Let s = -5 + 8. Let v be (1/(-2))/(s/12). What is the units digit of 1/((-39)/(-18) + v)?
6
Let b = -25 - -43. Suppose 2 - 6 = -t - j, -3*j = 5*t - b. What is the units digit of t?
3
Let v(y) = -2*y**2 + 10*y + 5. Let i(b) = -8*b + 5*b - 6 - 6*b + b**2. Let r(m) = -3*i(m) - 2*v(m). What is the units digit of r(-7)?
8
Let o(w) = w**3 + 5*w**2 + 5*w + 2. Let p be o(-3). Suppose -3*y = 3*l + 12, l = -5*y + p - 25. Suppose l = -4*d + 8. What is the units digit of d?
2
Let w(g) = g**3 - 5*g**2 - 7*g + 7. Let o be w(6). Let y = o - -11. What is the tens digit of y?
1
Let c(t) = 2*t**2 - 5*t - 2. Let q be c(4). Let v = q - 7. Suppose v*j = 4*j - 6. What is the units digit of j?
6
Let i = -5 + 24. Suppose 4*l - 51 = -i. What is the units digit of l?
8
Let o(b) = -b**3 - 2*b**2 + b + 2. Let k be o(-2). Suppose k = a - 0*a - 37. Let r = a - 22. What is the units digit of r?
5
Let r be (0/(-2))/((-4)/(-4)). Suppose -5*c = -r*c + g - 33, -5*c + 39 = 3*g. What is the units digit of c?
6
Suppose -s + 26 = 3*g - 35, 0 = 2*g + 5*s - 45. Let k be (0 - 20)*g/(-16). Let b = k + -15. What is the units digit of b?
0
Let y(m) be the third derivative of m**5/60 - m**4/6 - 7*m**3/6 + m**2. What is the units digit of y(6)?
5
Let r(w) = -w**2 + 8*w - 7. What is the units digit of r(5)?
8
Suppose -k = 5*x + 112, 31 - 137 = k - x. Let h = k - -75. What is the units digit of (2/4)/((-2)/h)?
8
Suppose -13 = -x - 3*x - f, -3*x = 5*f - 31. Suppose 0*n = -u - 5*n + 11, -2*u - 2*n + 6 = 0. What is the units digit of -1*(x + -4 + u)?
1
Let a(s) = -3*s**2 + 2. Let w(t) = t**2. Let o(z) = -a(z) - 6*w(z). Let l(b) be the first derivative of o(b). What is the units digit of l(-1)?
6
What is the units digit of 0 + 2 + 4 + 2?
8
Let l be (-2)/(-7) - 477/(-21). Let h = -13 + l. What is the units digit of h?
0
Let y be (-117)/(-15)*(-2 - 3). What is the tens digit of (y/6)/(4/(-16))?
2
Let q be (0 + 1)/((-1)/3). Let r(o) = o**3 + 4*o**2 + 4*o + 3. Let x be r(q). Let v(y) = y**3 + 11. What is the units digit of v(x)?
1
Let t = 112 - 0. What is the units digit of t?
2
Suppose 30 = 4*n + n. Suppose 14 - n = -4*u. What is the units digit of (-11)/u - (-3)/(-6)?
5
Suppose 0*v + 6*v = 24. What is the units digit of v?
4
Suppose f = 6*f - 20. Suppose f*u - u = 18. What is the units digit of u?
6
Suppose -5*c + 3*m + 354 = 6*m, 4*c = -5*m + 291. What is the units digit of c?
9
Let p = 3 + -1. What is the units digit of p?
2
Suppose -9*v + 885 = -240. What is the hundreds digit of v?
1
Suppose -4*g - g = -150. Suppose 4*w - g = w. What is the units digit of w?
0
Suppose m - 3*u = 3*m + 14, 26 = -2*m + 3*u. Let z = 17 + m. What is the units digit of (1 + -2)*(-2 - z)?
9
Let y(q) = -q**3 + 8*q**2 + 4. Let t be y(8). Suppose 2 = t*p - 18. Suppose c = -0*c + p. What is the units digit of c?
5
Suppose -5*u + 390 = 2*f - 3*u, -4*u - 372 = -2*f. What is the units digit of f?
2
Let b be 2/2*-2*4. Let c = b - -12. Suppose -2*v + 4*v = c. What is the units digit of v?
2
Suppose 6 = -5*r + 4*l, 2*l + 0*l + 2 = 5*r. Suppose r + 3 = d. What is the units digit of d?
5
Suppose 241 = 4*t + 1. What is the units digit of t?
0
Let t(x) = -x**3 + 3*x**2 + x + 1. What is the units digit of t(2)?
7
Let o(z) = -z**2 + 7*z + 3. Let r be o(6). Suppose 2*m = -3 + r. Suppose -21 - m = -3*i. What is the units digit of i?
8
Let r(f) = 2*f**2 + 25*f - 1. What is the tens digit of r(-15)?
7
Suppose 5 = -5*u + 20. Let m be (-3 + u)/(1 + -2). Suppose 5*v - 40 = -m*v. What is the units digit of v?
8
Let s = -1 + 0. Let r be s/(-2)*4 + 0. Suppose -4*v - r = -26. What is the units digit of v?
6
Let x = -5 - -9. Suppose -x*m + 75 = m. What is the tens digit of m?
1
Let g = 3 - 0. Let z(k) = -3*k + k**3 - 2*k**3 - 2*k**2 + 7*k**2 - g. What is the units digit of z(3)?
6
Suppose 15 = 5*l - p - 4*p, 7 = 3*l - p. Suppose -5 + 49 = l*w. What is the tens digit of w?
2
Let z(k) = k**2 + 2*k - 8. Let r be z(-7). What is the units digit of (-16)/4*r/(-12)?
9
Suppose 3*d + d - 6 = 3*n, -5*d = 4*n + 39. Let a(p) = p**3 + 5*p**2 - 5*p + 6. Let u be a(n). What is the units digit of (-1)/(1 + u) + 3?
2
Let q be 0 - (-3)/(-6)*-4. Suppose -2*u - o = -q*o - 52, -5*u + 145 = 5*o. What is the tens digit of u?
2
Let s = -2 + 14. Let p(z) = -5*z - 1. Let k be p(-1). What is the units digit of 3*1*k/s?
1
Let q = 313 + -159. What is the hundreds digit of q?
1
Let z = 155 + 47. What is the tens digit of z?
0
Let u = 133 - 86. What is the tens digit of u?
4
Let t = 61 - -259. What is the hundreds digit of t?
3
Let n = 12 + -9. Suppose q = n*p - 39, 4*p + 4*q - 54 = p. What is the units digit of p?
4
Let x be ((-8)/10)/(1/10). Let w = x + 11. What is the units digit of -1*-1*27/w?
9
Suppose 0 = -14*s + 2186 - 30. What is the tens digit of s?
5
What is the units digit of (-17)/(34/(-1036))*(-2)/(-4)?
9
Let s = 41 + -1. What is the units digit of s?
0
What is the units digit of (4/((-20)/(-345)))/1?
9
What is the tens digit of 1026/90 + 4/(-10)?
1
Suppose -7*n - 156 = -2*s - 3*n, 2*s + 3*n = 149. What is the units digit of s?
6
Suppose 3*m = -m + 4*b + 900, -5*m - 4*b + 1152 = 0. Suppose -4*o + 13 = 5*l - m, -4*l + 2*o = -198. Suppose 6 + l = 5*f. What is the tens digit of f?
1
Let s = 172 + -72. What is the tens digit of s?
0
Let h(m) = 2*m - 10. Let q be h(10). What is the tens digit of (q/4)/((-9)/(-90))?
2
Suppose -9 = -3*v - 0*v. Suppose -d = v*d. Suppose d = -2*x - 2, m + 4*x - 2 - 